housands digit of 2177?
2
What is the hundreds digit of 18786?
7
What is the units digit of 26269?
9
What is the units digit of 9814?
4
What is the tens digit of 32585?
8
What is the tens digit of 2920?
2
What is the ten thousands digit of 66864?
6
What is the tens digit of 1693?
9
What is the hundreds digit of 1576?
5
What is the tens digit of 2173?
7
What is the tens digit of 147?
4
What is the thousands digit of 2971?
2
What is the units digit of 1077?
7
What is the hundreds digit of 552?
5
What is the units digit of 728?
8
What is the thousands digit of 1365?
1
What is the tens digit of 6366?
6
What is the thousands digit of 23567?
3
What is the units digit of 40252?
2
What is the ten thousands digit of 18021?
1
What is the hundred thousands digit of 126107?
1
What is the hundreds digit of 1052?
0
What is the ten thousands digit of 91322?
9
What is the thousands digit of 3538?
3
What is the ten thousands digit of 69317?
6
What is the hundreds digit of 832?
8
What is the hundreds digit of 2298?
2
What is the hundreds digit of 2475?
4
What is the thousands digit of 4402?
4
What is the units digit of 9160?
0
What is the units digit of 3411?
1
What is the tens digit of 816?
1
What is the tens digit of 1349?
4
What is the hundred thousands digit of 166660?
1
What is the hundreds digit of 4703?
7
What is the thousands digit of 98190?
8
What is the hundreds digit of 100171?
1
What is the ten thousands digit of 28002?
2
What is the tens digit of 16574?
7
What is the ten thousands digit of 78330?
7
What is the units digit of 1862?
2
What is the thousands digit of 8198?
8
What is the thousands digit of 3969?
3
What is the tens digit of 38966?
6
What is the hundreds digit of 9147?
1
What is the units digit of 786?
6
What is the hundreds digit of 77216?
2
What is the hundreds digit of 2477?
4
What is the units digit of 4335?
5
What is the tens digit of 490?
9
What is the units digit of 2802?
2
What is the tens digit of 954?
5
What is the units digit of 486?
6
What is the units digit of 11690?
0
What is the ten thousands digit of 85435?
8
What is the hundreds digit of 8255?
2
What is the tens digit of 967?
6
What is the thousands digit of 2356?
2
What is the hundreds digit of 849?
8
What is the hundreds digit of 455?
4
What is the hundreds digit of 8899?
8
What is the ten thousands digit of 45741?
4
What is the tens digit of 1146?
4
What is the ten thousands digit of 10564?
1
What is the units digit of 90702?
2
What is the tens digit of 2377?
7
What is the hundreds digit of 247?
2
What is the ten thousands digit of 124718?
2
What is the tens digit of 57638?
3
What is the hundreds digit of 33442?
4
What is the hundreds digit of 1962?
9
What is the units digit of 7?
7
What is the ten thousands digit of 25323?
2
What is the units digit of 4192?
2
What is the ten thousands digit of 80149?
8
What is the units digit of 3295?
5
What is the thousands digit of 77769?
7
What is the units digit of 981?
1
What is the units digit of 25225?
5
What is the thousands digit of 2950?
2
What is the hundreds digit of 979?
9
What is the units digit of 93?
3
What is the units digit of 794?
4
What is the thousands digit of 8354?
8
What is the units digit of 816?
6
What is the units digit of 4768?
8
What is the hundreds digit of 134757?
7
What is the thousands digit of 50098?
0
What is the thousands digit of 4169?
4
What is the ten thousands digit of 57827?
5
What is the tens digit of 772?
7
What is the hundreds digit of 11887?
8
What is the hundreds digit of 23281?
2
What is the hundreds digit of 8832?
8
What is the hundreds digit of 7758?
7
What is the ten thousands digit of 10735?
1
What is the ten thousands digit of 126880?
2
What is the hundreds digit of 1985?
9
What is the units digit of 3518?
8
What is the thousands digit of 2272?
2
What is the ten thousands digit of 91283?
9
What is the tens digit of 454?
5
What is the tens digit of 1703?
0
What is the hundreds digit of 2113?
1
What is the thousands digit of 30759?
0
What is the thousands digit of 15988?
5
What is the ten thousands digit of 11202?
1
What is the thousands digit of 120297?
0
What is the thousands digit of 6725?
6
What is the ten thousands digit of 13348?
1
What is the units digit of 5822?
2
What is the units digit of 28669?
9
What is the thousands digit of 1487?
1
What is the tens digit of 1994?
9
What is the hundreds digit of 32343?
3
What is the tens digit of 1442?
4
What is the tens digit of 84?
8
What is the hundreds digit of 442?
4
What is the tens digit of 167?
6
What is the hundreds digit of 49638?
6
What is the hundreds digit of 18881?
8
What is the thousands digit of 71033?
1
What is the tens digit of 3146?
4
What is the tens digit of 200112?
1
What is the hundreds digit of 264?
2
What is the tens digit of 8395?
9
What is the hundreds digit of 3563?
5
What is the tens digit of 67553?
5
What is the units digit of 156?
6
What is the hundreds digit of 34955?
9
What is the units digit of 7456?
6
What is the hundreds digit of 49964?
9
What is the thousands digit of 3124?
3
What is the thousands digit of 67686?
7
What is the tens digit of 337?
3
What is the hundreds digit of 8720?
7
What is the hundreds digit of 19426?
4
What is the tens digit of 2338?
3
What is the tens digit of 394?
9
What is the hundreds digit of 12851?
8
What is the units digit of 2631?
1
What is the hundred thousands digit of 103725?
1
What is the tens digit of 5499?
9
What is the tens digit of 14743?
4
What is the thousands digit of 68053?
8
What is the tens digit of 456?
5
What is the units digit of 201?
1
What is the tens digit of 42707?
0
What is the thousands digit of 22484?
2
What is the units digit of 2465?
5
What is the thousands digit of 99423?
9
What is the thousands digit of 66987?
6
What is the tens digit of 189072?
7
What is the hundreds digit of 3848?
8
What is the units digit of 787?
7
What is the ten thousands digit of 17764?
1
What is the hundreds digit of 21545?
5
What is the thousands digit of 2173?
2
What is the hundreds digit of 1496?
4
What is the hundreds digit of 2807?
8
What is the hundreds digit of 45978?
9
What is the units digit of 3829?
9
What is the tens digit of 28547?
4
What is the hundreds digit of 749?
7
What is the units digit of 46261?
1
What is the thousands digit of 1182?
1
What is the tens digit of 3044?
4
What is the tens digit of 883?
8
What is the thousands digit of 4726?
4
What is the hundreds digit of 2225?
2
What is the units digit of 241?
1
What is the units digit of 3536?
6
What is the units digit of 8744?
4
What is the hundreds digit of 6457?
4
What is the hundreds digit of 5606?
6
What is the hundreds digit of 1622?
6
What is the units digit of 1271?
1
What is the ten thousands digit of 11843?
1
What is the units digit of 2679?
9
What is the units digit of 14583?
3
What is the units digit of 1839?
9
What is the units digit of 2663?
3
What is the hundreds digit of 65684?
6
What is the thousands digit of 15521?
5
What is the ten thousands digit of 90035?
9
What is the tens digit of 1736?
3
What is the ten thousands digit of 24743?
2
What is the hundreds digit of 3475?
4
What is the tens digit of 8477?
7
What is the ten thousands digit of 164091?
6
What is the thousands digit of 183848?
3
What is the hundreds digit of 1646?
6
What is the units digit of 1062?
2
What is the ten thousands digit of 24878?
2
What is the thousands digit of 43658?
3
What is the units digit of 523?
3
What is the hundreds digit of 7570?
5
What is the tens digit of 99?
9
What is the thousands digit of 1313?
1
What is the units digit of 144?
4
What is the tens digit of 786?
8
What is the units digit of 1960?
0
What is the thousands digit of 32776?
2
What is the tens digit of 1015?
1
What is the units digit of 3419?
9
What is the tens digit of 8321?
2
What is the tens digit of 2342?
4
What is the hundreds digit of 3107?
1
What is the hundreds digit of 34914?
9
What is the units digit of 6344?
4
What is the tens digit of 186?
8
What is the ten thousands digit of 18154?
1
What is the tens digit of 1009?
0
What is the tens digit of 10544?
4
What is the ten thousands digit of 16954?
1
What is the units digit of 3443?
3
What is the ten thousands digit of 81907?
8
What is the tens digit of 69826?
2
What is the ten